 the greatest common divisor of 139564328 and 1189.
41
What is the highest common factor of 1125 and 6225500?
125
What is the highest common divisor of 1230979 and 31?
31
Calculate the highest common factor of 40632 and 1461059.
1693
What is the highest common divisor of 104692 and 138796?
28
Calculate the highest common factor of 1801968 and 27120.
48
Calculate the greatest common divisor of 310 and 3360485.
5
What is the highest common factor of 16150782 and 192?
6
What is the highest common divisor of 32928 and 14541240?
1176
What is the greatest common divisor of 63661 and 2899?
13
What is the greatest common factor of 44184 and 19128?
24
Calculate the greatest common divisor of 2156026 and 4018.
82
What is the greatest common divisor of 98 and 24489304?
14
Calculate the greatest common divisor of 48461 and 48977.
43
Calculate the highest common factor of 7 and 31443895.
7
Calculate the highest common factor of 704323 and 42217.
163
Calculate the highest common divisor of 26715698 and 6228.
346
Calculate the greatest common divisor of 15517 and 1522244.
263
What is the greatest common divisor of 12547 and 11?
1
Calculate the highest common divisor of 300206219 and 59.
59
Calculate the greatest common divisor of 100555885 and 95.
95
What is the highest common divisor of 2088 and 8816754?
174
Calculate the highest common divisor of 3258112 and 611.
13
What is the greatest common divisor of 10836 and 1554642?
18
Calculate the greatest common factor of 48625 and 1246745.
1945
What is the greatest common divisor of 3266578 and 518?
14
What is the greatest common divisor of 5896 and 2428848?
8
What is the highest common divisor of 456 and 2128912?
152
Calculate the highest common divisor of 6960 and 16109160.
120
What is the highest common factor of 6180 and 9920445?
1545
Calculate the greatest common factor of 28372168 and 88616.
1672
What is the highest common divisor of 1686266 and 2726?
94
Calculate the highest common factor of 26468 and 31018.
26
Calculate the highest common factor of 483 and 24107657.
161
Calculate the highest common divisor of 37963600 and 512.
16
What is the greatest common divisor of 15 and 2561319?
3
Calculate the greatest common factor of 39844 and 5588.
4
Calculate the greatest common factor of 138 and 628179.
3
What is the greatest common divisor of 15563502 and 1242?
1242
What is the greatest common factor of 436304 and 1005?
67
What is the greatest common divisor of 64665 and 10380?
15
What is the highest common divisor of 32625546 and 11109?
1587
Calculate the highest common divisor of 33231672 and 32481.
3609
Calculate the greatest common factor of 124624 and 48128.
16
What is the greatest common factor of 2225 and 1887245?
445
What is the greatest common factor of 1955490 and 80?
10
What is the greatest common factor of 950619465 and 45?
45
What is the highest common divisor of 98 and 38662?
2
What is the highest common divisor of 279 and 18733641?
93
What is the highest common divisor of 642 and 91573275?
321
Calculate the highest common divisor of 19696 and 4779973.
1231
What is the highest common factor of 27687 and 245223?
33
What is the highest common factor of 143498 and 81012?
314
Calculate the greatest common divisor of 2282 and 18319.
7
What is the highest common divisor of 241749 and 198?
9
Calculate the greatest common factor of 18 and 52682328.
18
Calculate the greatest common factor of 111 and 24620503.
37
What is the greatest common factor of 74157 and 7322028?
3903
What is the greatest common divisor of 11430 and 40394070?
90
What is the highest common divisor of 9478492 and 836?
76
What is the greatest common factor of 13049029 and 141778?
5453
Calculate the highest common divisor of 23 and 208663199.
23
What is the highest common factor of 220 and 5090980?
20
What is the highest common factor of 59 and 309024831?
59
What is the greatest common factor of 18144 and 506016?
2016
Calculate the greatest common factor of 489141 and 17687.
23
What is the greatest common divisor of 7579 and 673751?
13
Calculate the greatest common divisor of 1408 and 186692704.
352
Calculate the greatest common factor of 288 and 8557776.
144
Calculate the highest common factor of 1851216796 and 632.
316
Calculate the highest common factor of 2781808 and 56.
8
Calculate the highest common factor of 5244096 and 1300.
52
What is the highest common divisor of 1782367 and 72347?
6577
What is the highest common divisor of 873 and 165011841?
873
Calculate the greatest common divisor of 74934012 and 218.
218
Calculate the greatest common divisor of 27108 and 16474134.
1506
What is the greatest common divisor of 60679854 and 27?
27
Calculate the highest common factor of 995 and 22359839.
199
Calculate the greatest common divisor of 50967046 and 6.
2
What is the highest common divisor of 252150 and 2042825?
1025
Calculate the highest common factor of 209296679 and 113.
113
Calculate the highest common divisor of 810 and 13195710.
810
Calculate the highest common divisor of 222426 and 88398.
54
Calculate the highest common factor of 53 and 72071944.
53
What is the highest common factor of 6538 and 7100735?
467
Calculate the highest common divisor of 114 and 522624.
6
Calculate the greatest common factor of 1671186 and 242.
22
What is the greatest common divisor of 923334 and 1398?
6
Calculate the highest common divisor of 4 and 27151283.
1
What is the highest common factor of 179086 and 523026?
1186
What is the greatest common factor of 390663 and 100191?
273
What is the greatest common factor of 13694 and 115866?
82
What is the greatest common factor of 251457 and 74181?
237
Calculate the highest common factor of 3431 and 476956.
47
What is the highest common factor of 1072473 and 39678?
1167
Calculate the greatest common divisor of 165671451 and 88.
11
Calculate the greatest common divisor of 105 and 8980890.
15
What is the greatest common factor of 411560 and 552?
8
Calculate the highest common factor of 2318 and 9284993.
61
What is the highest common factor of 11008122 and 5037?
69
What is the greatest common factor of 58465876 and 364?
28
What is the highest common factor of 29774997 and 5457?
321
What is the highest common divisor of 26061596 and 66?
22
What is the greatest common factor of 4873795 and 6390?
355
What is the greatest common divisor of 43979700 and 30?
30
What is the highest common divisor of 6908 and 1016895?
11
Calculate the greatest common divisor of 31388646 and 1368.
114
Calculate the greatest common divisor of 156 and 36247380.
156
What is the greatest common factor of 11531933 and 3213?
119
Calculate the greatest common divisor of 105 and 113470.
35
Calculate the highest common divisor of 1073259495 and 99.
99
Calculate the greatest common divisor of 723956 and 6478.
158
Calculate the highest common factor of 10805586 and 3333.
3333
What is the highest common divisor of 30267 and 2831?
19
Calculate the highest common divisor of 24641 and 9048656.
601
Calculate the greatest common divisor of 40 and 36892808.
8
Calculate the highest common divisor of 332773079 and 37.
37
Calculate the highest common divisor of 265 and 2539707.
53
Calculate the greatest common factor of 79796910 and 3540.
1770
Calculate the greatest common divisor of 205881 and 767.
13
What is the highest common factor of 308210 and 3178?
14
What is the highest common factor of 12779 and 16068?
13
What is the greatest common divisor of 876863 and 3185?
13
Calculate the greatest common divisor of 575942 and 2198762.
3182
What is the highest common factor of 4878809 and 313389?
3869
Calculate the highest common divisor of 2516 and 124468407.
629
Calculate the highest common divisor of 6332451 and 1128.
141
Calculate the highest common divisor of 516 and 43891046.
86
What is the greatest common divisor of 2375 and 57385225?
475
What is the greatest common divisor of 4140 and 33272352?
828
What is the greatest common divisor of 482962 and 678?
226
What is the greatest common factor of 68356 and 259307?
743
What is the highest common divisor of 93434637 and 329?
47
Calculate the greatest common factor of 28792 and 6424.
8
Calculate the highest common divisor of 434 and 732016082.
434
What is the highest common factor of 18628 and 12500?
4